 = 369, 3*z = 5*k - 1852. Calculate the greatest common factor of 7 and k.
7
Suppose 0*n = -2*n - p + 46, p = 4*n - 80. Let d = 651 - 462. What is the highest common factor of n and d?
21
Suppose 0*a - 5*a + 225 = 0. Let p = 1768 - 1750. Calculate the greatest common divisor of p and a.
9
Suppose w + 744 = t - 259, t - 3*w - 1009 = 0. Calculate the highest common divisor of 40 and t.
40
Let s(q) = q**2 - q + 3. Let k(t) = t**3 + 8*t**2 + 7. Let h be k(-8). Let l be s(h). What is the highest common divisor of l and 30?
15
Suppose 7*w + 1187 = 2*w - 2*i, 5*w = 4*i - 1181. Let a be 6/(-21) - w/21. Calculate the greatest common divisor of a and 55.
11
Let i(v) = -5*v + 7. Let h be i(3). Let o be (h/4 - -59) + 3. Let k = 99 - o. What is the greatest common factor of 39 and k?
39
Let y = 22 + -15. Let x be (-2 + 4 + -9)*-126. Suppose -12*w = 2*w - x. What is the greatest common divisor of y and w?
7
Let g = 32 + -29. Suppose -n + 11 = -g*o + 2, 3*n - o - 51 = 0. What is the greatest common factor of 9 and n?
9
Suppose -2*b + 5*g + 55 = 0, 43 = 2*b - 2*g - 3. What is the greatest common factor of b and 170?
10
Suppose -35 = -5*a + 5. What is the greatest common factor of a and 2648?
8
Let s = -32 - -35. Let z be s*(560/6)/7. Suppose 6*j - z = j. What is the greatest common factor of 88 and j?
8
Let t(b) = b**2 - 10*b - 20. Let u be t(23). What is the greatest common factor of 31 and u?
31
Suppose 0*k - 4*i = k - 17, k + 5*i = 16. Let c(z) = -2*z + z**3 - z - 7*z**2 - 2*z**3 - 7. Let y be c(-7). Calculate the highest common divisor of k and y.
7
Let b(d) be the second derivative of 3*d**3 - 3*d**2 + 3*d. Let j be b(7). Calculate the greatest common factor of j and 15.
15
Suppose -1637 = -26*c + 1951. Calculate the greatest common factor of c and 1587.
69
Let o(q) = -3*q**2 + q + 4. Let f be 16/(-28) - 2*(-6)/21. Let p be o(f). What is the greatest common divisor of p and 116?
4
Suppose 3*q - b + 37 = 3*b, 5*q - 5*b + 60 = 0. Let h = -7 - q. Suppose -108 = -2*i + 3*d + 93, 20 = h*d. Calculate the highest common divisor of i and 12.
12
Let h = 87 + -83. Let p(y) = y**2 - 5*y - 4. Suppose -5*f - 14 = -0*l - 4*l, 10 = 2*l - f. Let j be p(l). Calculate the highest common divisor of h and j.
2
Suppose -2*y - 4*m = 2*y - 200, 3*y = -4*m + 150. Let v = 443 - 433. Calculate the highest common divisor of v and y.
10
Let d be 33 - (-5 - (5 + -3)). Calculate the highest common divisor of 208 and d.
8
Suppose -6*i = -4*i - 2. Suppose 4*z = 13 - i. Suppose z*p - 4*s - 65 = 0, p - 1 = 2*s + 24. What is the greatest common divisor of p and 45?
15
Let b = 41 + -84. Let j = b - -28. Let f = 16 + j. What is the highest common divisor of f and 1?
1
Let g be (-3)/(0 - -3)*0. Suppose g = u - 2*u + 372. Suppose 156 = 2*j - 3*r, -3*j + 3*r = 2*j - u. What is the greatest common divisor of 24 and j?
24
Let u(l) = 36*l**3 - l**2 + 3*l - 2. Let q be u(1). Suppose 3*z = -6 + 9. Let c be (-3 - -2) + 397*z. Calculate the greatest common factor of q and c.
36
Let l(o) = -o**2 + 3*o + 1. Let i be l(2). Let z(w) = -w**2 + 5*w + 2. Let r be z(4). Suppose r*n = -i + 33. Calculate the greatest common divisor of n and 40.
5
Suppose 0 = -9*r - r - 700. Let k = 138 + r. Calculate the highest common factor of k and 17.
17
Suppose 11*j - 6*j = -3*t + 109, -4*t = 3*j - 72. What is the highest common divisor of 2140 and j?
20
Let b be (-1 - (-36)/16)*4. Suppose -9*a + 560 = -b*a. Suppose a = r + 4*r. What is the highest common factor of 7 and r?
7
Let n = -402 - -416. Let a(f) = -7*f. Let s be a(-5). What is the highest common divisor of s and n?
7
Let x = 17 - 9. Let v = -463 - -273. Let l = v + 192. What is the highest common divisor of l and x?
2
Let w be 11799/627 - 2/(-11). What is the highest common factor of w and 19?
19
Let g = 537 + -260. Let u = -160 + g. Let q(x) = -3*x + 4. Let d be q(-3). What is the greatest common factor of d and u?
13
Let l = 30 + -42. Let n(o) = o**2 + 12*o + 4. Let g be n(l). Suppose -2*s + g*s = 26. Calculate the highest common factor of s and 65.
13
Suppose 5*g = -3*g + 1456. Calculate the greatest common divisor of g and 104.
26
Suppose -2*r + 12*z - 7*z = -180, 88 = r - 3*z. Let g be ((-8)/3)/((-1)/15). Suppose -g = 2*n - 4*n. What is the highest common factor of r and n?
20
Let r be (-24)/(-10)*40/4. Suppose -m = -2*c - 0 - 8, -3*m - 4*c = -r. What is the highest common factor of m and 2?
2
Let t(k) = 23*k - 743. Let h be t(37). Calculate the greatest common factor of 96 and h.
12
Let n(s) = s**3 - 12*s**2 - s + 12. Let d be n(12). Suppose d*v = 5*v - 20. What is the greatest common factor of 36 and v?
4
Let n(j) = 5*j + 15. Let k be n(11). Suppose 0 = -5*w + 2*b + 65 + 1, -3*w - b + 44 = 0. Calculate the highest common factor of k and w.
14
Let q be (28/3)/(18/27). Suppose -q + 196 = 7*a. Suppose 0 = x - c - 39, 136 = 4*x + 2*c - a. What is the greatest common divisor of 10 and x?
10
Let d = -2 - -47. Let s(b) = -3*b - 9. Suppose 2*y + 3*a + 2*a + 12 = 0, 3*y + 5*a + 18 = 0. Let u be s(y). What is the greatest common factor of d and u?
9
Let h = 17 + -7. Let m be (-176)/20*(-25)/h. What is the highest common divisor of m and 2?
2
Suppose -49*i + 1535 = 604. What is the greatest common divisor of 1501 and i?
19
Let m be 530/7 + 52/182. What is the greatest common divisor of 152 and m?
76
Let c be (21/(-28))/(6/(-120)). What is the greatest common divisor of 12 and c?
3
Let g = 16 + -14. Suppose g*h = 5*r + 203, r - 2*h + 3 = -36. Let j = 66 + r. Calculate the greatest common factor of 10 and j.
5
Let k = 0 + 5. Suppose p - 88 = k*z, 3*p + 97 = -5*z + 7*p. Let t = 25 + z. What is the highest common divisor of 1 and t?
1
Let g be 24/20*(-5)/(-2). Let z(o) = 2*o**2 - 4*o - 4. Let u be z(g). Suppose -6 = -u*m, 4*k = 3*k + 3*m - 6. Calculate the greatest common divisor of 33 and k.
3
Suppose -x = -14 - 172. Suppose 30 + x = 9*l. What is the highest common divisor of 96 and l?
24
Let y(m) = -4*m - 24. Let h be y(-12). Calculate the highest common divisor of 60 and h.
12
Let s be (-320)/(-15) - (-3)/(-9). Calculate the highest common factor of s and 21.
21
Suppose 4970 = -287*f + 294*f. Calculate the greatest common divisor of f and 10.
10
Let z(t) = -t**3 - 5*t**2 + 24*t - 45. Let v be z(-12). Calculate the greatest common factor of 15 and v.
15
Let o be -14*8/32*-4*2. What is the greatest common divisor of 770 and o?
14
Suppose 7*z - 2*l = 4*z - 7, 0 = 5*z + 4*l + 19. Let b be (z/(-6))/((-1)/(-48)). What is the highest common factor of b and 108?
12
Let n(a) = 14*a + 211. Let y be n(-14). What is the highest common factor of y and 10?
5
Suppose -2*x + 8 = 0, 2*r - 3*x = 62 + 10. Let v = 60 - r. Let n be 5226/737 + 24/(-22). What is the highest common divisor of n and v?
6
Let l(y) = 16*y + 7. Let w(s) = -s + 1. Let q(t) = -l(t) - 5*w(t). Let p be q(-4). What is the highest common divisor of p and 352?
32
Let j = -553 - -601. What is the greatest common factor of j and 432?
48
Let k(j) = -134*j**2 + 67*j**2 + 68*j**2 + 8*j + 12. Let c be k(-9). What is the highest common divisor of 3 and c?
3
Let n be 126/6 + 1 + 2/1. Let w = -20 + n. What is the greatest common divisor of w and 2?
2
Suppose 15*u = 555 + 195. Calculate the greatest common factor of 10 and u.
10
Suppose -88*o = -73*o - 2835. Calculate the greatest common divisor of o and 126.
63
Let t = -7 + 4. Let b be 191 + (t - 13)/4. Calculate the greatest common factor of 17 and b.
17
Let z(b) = 34*b - 8. Let p(l) = 1. Let f(j) = 10*p(j) + z(j). Let r be f(1). Suppose -2*y + r = y. What is the greatest common divisor of 4 and y?
4
Let f = -49 - -56. Let m(x) = 5*x - 21. Let c be m(f). Suppose 626 = 4*s + 2*b, -3*s + 3*b = 5*b - 472. Calculate the greatest common factor of s and c.
14
Let a be (-4)/(-18) + ((-53172)/81)/(-7). What is the greatest common divisor of a and 47?
47
Let d be ((-14)/(-12))/(5/30). Suppose -3*i + 33 = 4*s - d*s, 4*i = 5*s + 44. What is the highest common factor of i and 22?
11
Let v(k) = -6*k**3 - k**2 - 4*k - 1. Let d be v(-3). Suppose -110 = 5*q + 3*j - 384, 3*q - d = -2*j. Calculate the greatest common divisor of q and 14.
14
Let x(p) be the first derivative of -p**2 - 11*p - 11. Let y be x(-12). Calculate the greatest common factor of y and 13.
13
Let f(q) = 6*q**2 + q - 2